{"id":8,"date":"2023-05-25T20:19:57","date_gmt":"2023-05-25T20:19:57","guid":{"rendered":"http:\/\/latrampera.com\/?page_id=8"},"modified":"2025-11-07T10:15:16","modified_gmt":"2025-11-07T10:15:16","slug":"beautiful-portfolios-for-exceptional-creatives","status":"publish","type":"page","link":"https:\/\/latrampera.com\/","title":{"rendered":"La Trampera Tango"},"content":{"rendered":"\n<p class=\"has-text-align-center\"><meta charset=\"utf-8\">La Trampera es un cuarteto de tango formado en el a\u00f1o 2013, con instrumentaci\u00f3n ac\u00fastica, de repertorio tradicional, aunque no siempre cl\u00e1sico. Sus integrantes han recorrido varios senderos de la m\u00fasica, hasta desembocar en las ra\u00edces mismas de la cultura de Buenos Aires.<\/p>\n\n\n\n<div style=\"height:55px\" aria-hidden=\"true\" class=\"wp-block-spacer\"><\/div>\n\n\n\n<div class=\"wp-block-group alignfull has-background is-layout-flow wp-block-group-is-layout-flow\" style=\"background-color:#e5e9ec\">\n<div class=\"wp-block-columns is-layout-flex wp-container-core-columns-is-layout-1 wp-block-columns-is-layout-flex\">\n<div class=\"wp-block-column is-vertically-aligned-center is-layout-flow wp-block-column-is-layout-flow\">\n<h2 class=\"wp-block-heading\">Nuestra m\u00fasica<\/h2>\n\n\n\n<p>Escucha nuestro disco en<\/p>\n\n\n\n<ul>\n<li><a href=\"https:\/\/www.youtube.com\/watch?v=VwaWCzKam9k\" target=\"_blank\" rel=\"noopener\" title=\"\">YouTube<\/a><\/li>\n\n\n\n<li><a href=\"https:\/\/open.spotify.com\/artist\/2k3CHQxKItzHvEZBTZahpl\" target=\"_blank\" rel=\"noopener\" title=\"\">Spotify<\/a><\/li>\n\n\n\n<li><a href=\"https:\/\/music.amazon.com\/artists\/B09GL3JGRB\/la-trampera-tango\" target=\"_blank\" rel=\"noopener\" title=\"\">Amazon Music<\/a><\/li>\n<\/ul>\n\n\n\n<div class=\"wp-block-buttons is-horizontal is-content-justification-left is-layout-flex wp-container-core-buttons-is-layout-1 wp-block-buttons-is-layout-flex\">\n<div class=\"wp-block-button is-style-outline\"><a class=\"wp-block-button__link wp-element-button\" href=\"#\">Nuestra m\u00dasica<\/a><\/div>\n<\/div>\n\n\n\n<p><\/p>\n<\/div>\n\n\n\n<div class=\"wp-block-column is-layout-flow wp-block-column-is-layout-flow\">\n<div style=\"height:48px\" aria-hidden=\"true\" class=\"wp-block-spacer\"><\/div>\n\n\n\n<figure class=\"wp-block-embed is-type-video is-provider-youtube wp-block-embed-youtube wp-embed-aspect-4-3 wp-has-aspect-ratio\"><div class=\"wp-block-embed__wrapper\">\n<iframe loading=\"lazy\" title=\"Duelo Criollo\" width=\"950\" height=\"713\" src=\"https:\/\/www.youtube.com\/embed\/VwaWCzKam9k?feature=oembed\" frameborder=\"0\" allow=\"accelerometer; autoplay; clipboard-write; encrypted-media; gyroscope; picture-in-picture; web-share\" allowfullscreen><\/iframe>\n<\/div><\/figure>\n<\/div>\n<\/div>\n<\/div>\n\n\n\n<div class=\"wp-block-group alignfull is-layout-flow wp-block-group-is-layout-flow\">\n<div class=\"wp-block-columns is-layout-flex wp-container-core-columns-is-layout-2 wp-block-columns-is-layout-flex\">\n<div class=\"wp-block-column is-vertically-aligned-center is-layout-flow wp-block-column-is-layout-flow\">\n<div style=\"height:41px\" aria-hidden=\"true\" class=\"wp-block-spacer\"><\/div>\n\n\n\n<figure class=\"wp-block-image aligncenter size-full is-resized\"><img loading=\"lazy\" decoding=\"async\" width=\"783\" height=\"700\" src=\"http:\/\/latrampera.com\/wp-content\/uploads\/2023\/05\/fotoLosLaureles.jpg\" alt=\"\" class=\"wp-image-41\" style=\"width:351px;height:314px\" srcset=\"https:\/\/latrampera.com\/wp-content\/uploads\/2023\/05\/fotoLosLaureles.jpg 783w, https:\/\/latrampera.com\/wp-content\/uploads\/2023\/05\/fotoLosLaureles-300x268.jpg 300w, https:\/\/latrampera.com\/wp-content\/uploads\/2023\/05\/fotoLosLaureles-768x687.jpg 768w\" sizes=\"(max-width: 783px) 100vw, 783px\" \/><\/figure>\n<\/div>\n\n\n\n<div class=\"wp-block-column is-vertically-aligned-center is-layout-flow wp-block-column-is-layout-flow\">\n<h2 class=\"wp-block-heading\">Quienes somos<\/h2>\n\n\n\n<ul>\n<li>Adrian Manganelli guitarra<\/li>\n\n\n\n<li>Ariel Merlo Voz<\/li>\n\n\n\n<li>Lautaro Barrionuevo Contrabajo<\/li>\n\n\n\n<li>Matias Celani Bandone\u00f3n<\/li>\n<\/ul>\n\n\n\n<div class=\"wp-block-buttons is-layout-flex wp-block-buttons-is-layout-flex\">\n<div class=\"wp-block-button is-style-outline\"><a class=\"wp-block-button__link wp-element-button\" href=\"#\">QUIENES SOMOS<\/a><\/div>\n<\/div>\n<\/div>\n<\/div>\n<\/div>\n\n\n\n<div class=\"wp-block-group alignfull has-background is-layout-flow wp-block-group-is-layout-flow\" style=\"background-color:#e5e9ec\">\n<div class=\"wp-block-columns is-layout-flex wp-container-core-columns-is-layout-3 wp-block-columns-is-layout-flex\">\n<div class=\"wp-block-column is-vertically-aligned-center is-layout-flow wp-block-column-is-layout-flow\">\n<h2 class=\"wp-block-heading\">Milongas<\/h2>\n\n\n\n<p>Siempre junto a los bailarines amantes del dos por cuatro. Ritmo tradicional y bien milonguero.<\/p>\n\n\n\n<div class=\"wp-block-buttons is-horizontal is-content-justification-left is-layout-flex wp-container-core-buttons-is-layout-3 wp-block-buttons-is-layout-flex\">\n<div class=\"wp-block-button is-style-outline\"><a class=\"wp-block-button__link wp-element-button\" href=\"#\">MIlongas<\/a><\/div>\n<\/div>\n\n\n\n<p><\/p>\n<\/div>\n\n\n\n<div class=\"wp-block-column is-layout-flow wp-block-column-is-layout-flow\">\n<div style=\"height:48px\" aria-hidden=\"true\" class=\"wp-block-spacer\"><\/div>\n\n\n\n<figure class=\"wp-block-embed is-type-video is-provider-youtube wp-block-embed-youtube wp-embed-aspect-16-9 wp-has-aspect-ratio\"><div class=\"wp-block-embed__wrapper\">\n<iframe loading=\"lazy\" title=\"Bailarin Compadrito - La Trampera Tango\" width=\"950\" height=\"534\" src=\"https:\/\/www.youtube.com\/embed\/iwwoCmtoC4I?feature=oembed\" frameborder=\"0\" allow=\"accelerometer; autoplay; clipboard-write; encrypted-media; gyroscope; picture-in-picture; web-share\" allowfullscreen><\/iframe>\n<\/div><\/figure>\n<\/div>\n<\/div>\n<\/div>\n\n\n\n<div class=\"wp-block-group alignfull is-layout-flow wp-block-group-is-layout-flow\">\n<div class=\"wp-block-columns are-vertically-aligned-center is-layout-flex wp-container-core-columns-is-layout-4 wp-block-columns-is-layout-flex\">\n<div class=\"wp-block-column is-vertically-aligned-center is-layout-flow wp-block-column-is-layout-flow\">\n<div style=\"height:48px\" aria-hidden=\"true\" class=\"wp-block-spacer\"><\/div>\n\n\n\n<figure class=\"wp-block-embed is-type-video is-provider-youtube wp-block-embed-youtube wp-embed-aspect-16-9 wp-has-aspect-ratio\"><div class=\"wp-block-embed__wrapper\">\n<iframe loading=\"lazy\" title=\"La Trampera\" width=\"950\" height=\"534\" src=\"https:\/\/www.youtube.com\/embed\/oDXo2viaogY?feature=oembed\" frameborder=\"0\" allow=\"accelerometer; autoplay; clipboard-write; encrypted-media; gyroscope; picture-in-picture; web-share\" allowfullscreen><\/iframe>\n<\/div><\/figure>\n<\/div>\n\n\n\n<div class=\"wp-block-column is-vertically-aligned-center is-layout-flow wp-block-column-is-layout-flow\">\n<h2 class=\"wp-block-heading\">Cultura<\/h2>\n\n\n\n<p>El tango como expresi\u00f3n art\u00edstica. Presentaciones especiales, exposiciones, exhibiciones y festivales.<\/p>\n\n\n\n<div class=\"wp-block-buttons is-layout-flex wp-block-buttons-is-layout-flex\">\n<div class=\"wp-block-button is-style-outline\"><a class=\"wp-block-button__link wp-element-button\" href=\"#\">Eventos Culturales<\/a><\/div>\n<\/div>\n<\/div>\n<\/div>\n<\/div>\n\n\n\n<div class=\"wp-block-group alignfull has-black-background-color has-background is-layout-flow wp-block-group-is-layout-flow\">\n<h2 class=\"wp-block-heading has-text-align-center has-white-color has-text-color\"><strong>Im\u00e1genes<\/strong><\/h2>\n\n\n\n<figure class=\"wp-block-gallery aligncenter has-nested-images columns-default is-cropped wp-block-gallery-1 is-layout-flex wp-block-gallery-is-layout-flex\">\n<figure class=\"wp-block-image size-full\"><img loading=\"lazy\" decoding=\"async\" width=\"450\" height=\"450\" src=\"http:\/\/latrampera.com\/wp-content\/uploads\/2023\/05\/adrian.jpg\" alt=\"\" class=\"wp-image-33\" srcset=\"https:\/\/latrampera.com\/wp-content\/uploads\/2023\/05\/adrian.jpg 450w, https:\/\/latrampera.com\/wp-content\/uploads\/2023\/05\/adrian-300x300.jpg 300w, https:\/\/latrampera.com\/wp-content\/uploads\/2023\/05\/adrian-150x150.jpg 150w\" sizes=\"(max-width: 450px) 100vw, 450px\" \/><\/figure>\n\n\n\n<figure class=\"wp-block-image size-full\"><img loading=\"lazy\" decoding=\"async\" width=\"450\" height=\"450\" src=\"http:\/\/latrampera.com\/wp-content\/uploads\/2023\/05\/ariel.jpg\" alt=\"\" class=\"wp-image-34\" srcset=\"https:\/\/latrampera.com\/wp-content\/uploads\/2023\/05\/ariel.jpg 450w, https:\/\/latrampera.com\/wp-content\/uploads\/2023\/05\/ariel-300x300.jpg 300w, https:\/\/latrampera.com\/wp-content\/uploads\/2023\/05\/ariel-150x150.jpg 150w\" sizes=\"(max-width: 450px) 100vw, 450px\" \/><\/figure>\n\n\n\n<figure class=\"wp-block-image size-full\"><img loading=\"lazy\" decoding=\"async\" width=\"450\" height=\"450\" src=\"http:\/\/latrampera.com\/wp-content\/uploads\/2023\/05\/matias.jpg\" alt=\"\" class=\"wp-image-32\" srcset=\"https:\/\/latrampera.com\/wp-content\/uploads\/2023\/05\/matias.jpg 450w, https:\/\/latrampera.com\/wp-content\/uploads\/2023\/05\/matias-300x300.jpg 300w, https:\/\/latrampera.com\/wp-content\/uploads\/2023\/05\/matias-150x150.jpg 150w\" sizes=\"(max-width: 450px) 100vw, 450px\" \/><\/figure>\n\n\n\n<figure class=\"wp-block-image size-large\"><img loading=\"lazy\" decoding=\"async\" width=\"750\" height=\"504\" src=\"http:\/\/latrampera.com\/wp-content\/uploads\/2023\/05\/latramperacuadrobn.jpg\" alt=\"\" class=\"wp-image-24\" srcset=\"https:\/\/latrampera.com\/wp-content\/uploads\/2023\/05\/latramperacuadrobn.jpg 750w, https:\/\/latrampera.com\/wp-content\/uploads\/2023\/05\/latramperacuadrobn-300x202.jpg 300w\" sizes=\"(max-width: 750px) 100vw, 750px\" \/><\/figure>\n\n\n\n<figure class=\"wp-block-image size-large\"><img loading=\"lazy\" decoding=\"async\" width=\"1024\" height=\"641\" src=\"http:\/\/latrampera.com\/wp-content\/uploads\/2023\/05\/latramperacuadro-1024x641.jpg\" alt=\"\" class=\"wp-image-23\" srcset=\"https:\/\/latrampera.com\/wp-content\/uploads\/2023\/05\/latramperacuadro-1024x641.jpg 1024w, https:\/\/latrampera.com\/wp-content\/uploads\/2023\/05\/latramperacuadro-300x188.jpg 300w, https:\/\/latrampera.com\/wp-content\/uploads\/2023\/05\/latramperacuadro-768x481.jpg 768w, https:\/\/latrampera.com\/wp-content\/uploads\/2023\/05\/latramperacuadro.jpg 1200w\" sizes=\"(max-width: 1024px) 100vw, 1024px\" \/><\/figure>\n<\/figure>\n<\/div>\n\n\n\n<div class=\"wp-block-cover alignfull has-parallax is-position-center-center\" style=\"min-height:495px;aspect-ratio:unset;\"><span aria-hidden=\"true\" class=\"wp-block-cover__background has-black-background-color has-background-dim-60 has-background-dim\"><\/span><div class=\"wp-block-cover__image-background wp-image-24 has-parallax\" style=\"background-position:50% 50%;background-image:url(http:\/\/latrampera.com\/wp-content\/uploads\/2023\/05\/latramperacuadrobn.jpg)\"><\/div><div class=\"wp-block-cover__inner-container is-layout-flow wp-block-cover-is-layout-flow\">\n<p class=\"has-text-align-center has-text-color has-huge-font-size\" style=\"color:#fffffa;line-height:1.1\"><strong>Contactanos<\/strong><\/p>\n\n\n\n<div class=\"wp-block-group has-global-padding is-layout-constrained wp-block-group-is-layout-constrained\"><\/div>\n\n\n\n<div class=\"wp-block-buttons is-horizontal is-content-justification-center is-layout-flex wp-container-core-buttons-is-layout-5 wp-block-buttons-is-layout-flex\">\n<div class=\"wp-block-button is-style-outline\"><a class=\"wp-block-button__link has-white-color has-text-color wp-element-button\" href=\"https:\/\/www.instagram.com\/la.trampera.tango\/\">Contacto<\/a><\/div>\n<\/div>\n<\/div><\/div>\n","protected":false},"excerpt":{"rendered":"<p>La Trampera es un cuarteto de tango formado en el a\u00f1o 2013, con instrumentaci\u00f3n ac\u00fastica, de repertorio tradicional, aunque no siempre cl\u00e1sico. Sus integrantes han recorrido varios senderos de la m\u00fasica, hasta desembocar en las ra\u00edces mismas de la cultura de Buenos Aires. Nuestra m\u00fasica Escucha nuestro disco en Quienes somos Milongas Siempre junto a &hellip; <\/p>\n<p class=\"link-more\"><a href=\"https:\/\/latrampera.com\/\" class=\"more-link\">Read more<span class=\"screen-reader-text\"> &#8220;La Trampera Tango&#8221;<\/span><\/a><\/p>\n","protected":false},"author":1,"featured_media":7,"parent":0,"menu_order":0,"comment_status":"closed","ping_status":"closed","template":"","meta":{"footnotes":""},"aioseo_notices":[],"_links":{"self":[{"href":"https:\/\/latrampera.com\/index.php?rest_route=\/wp\/v2\/pages\/8"}],"collection":[{"href":"https:\/\/latrampera.com\/index.php?rest_route=\/wp\/v2\/pages"}],"about":[{"href":"https:\/\/latrampera.com\/index.php?rest_route=\/wp\/v2\/types\/page"}],"author":[{"embeddable":true,"href":"https:\/\/latrampera.com\/index.php?rest_route=\/wp\/v2\/users\/1"}],"replies":[{"embeddable":true,"href":"https:\/\/latrampera.com\/index.php?rest_route=%2Fwp%2Fv2%2Fcomments&post=8"}],"version-history":[{"count":14,"href":"https:\/\/latrampera.com\/index.php?rest_route=\/wp\/v2\/pages\/8\/revisions"}],"predecessor-version":[{"id":65,"href":"https:\/\/latrampera.com\/index.php?rest_route=\/wp\/v2\/pages\/8\/revisions\/65"}],"wp:featuredmedia":[{"embeddable":true,"href":"https:\/\/latrampera.com\/index.php?rest_route=\/wp\/v2\/media\/7"}],"wp:attachment":[{"href":"https:\/\/latrampera.com\/index.php?rest_route=%2Fwp%2Fv2%2Fmedia&parent=8"}],"curies":[{"name":"wp","href":"https:\/\/api.w.org\/{rel}","templated":true}]}}

<p class="has-text-align-center"><meta charset="utf-8">La Trampera es un cuarteto de tango formado en el año 2013, con instrumentación acústica, de repertorio tradicional, aunque no siempre clásico. Sus integrantes han recorrido varios senderos de la música, hasta desembocar en las raíces mismas de la cultura de Buenos Aires.</p>



<div style="height:55px" aria-hidden="true" class="wp-block-spacer"></div>



<div class="wp-block-group alignfull has-background is-layout-flow wp-block-group-is-layout-flow" style="background-color:#e5e9ec">
<div class="wp-block-columns is-layout-flex wp-container-core-columns-is-layout-1 wp-block-columns-is-layout-flex">
<div class="wp-block-column is-vertically-aligned-center is-layout-flow wp-block-column-is-layout-flow">
<h2 class="wp-block-heading">Nuestra música</h2>



<p>Escucha nuestro disco en</p>



<ul>
<li><a href="https://www.youtube.com/watch?v=VwaWCzKam9k" target="_blank" rel="noopener" title="">YouTube</a></li>



<li><a href="https://open.spotify.com/artist/2k3CHQxKItzHvEZBTZahpl" target="_blank" rel="noopener" title="">Spotify</a></li>



<li><a href="https://music.amazon.com/artists/B09GL3JGRB/la-trampera-tango" target="_blank" rel="noopener" title="">Amazon Music</a></li>
</ul>



<div class="wp-block-buttons is-horizontal is-content-justification-left is-layout-flex wp-container-core-buttons-is-layout-1 wp-block-buttons-is-layout-flex">
<div class="wp-block-button is-style-outline"><a class="wp-block-button__link wp-element-button" href="#">Nuestra mÚsica</a></div>
</div>



<p></p>
</div>



<div class="wp-block-column is-layout-flow wp-block-column-is-layout-flow">
<div style="height:48px" aria-hidden="true" class="wp-block-spacer"></div>



<figure class="wp-block-embed is-type-video is-provider-youtube wp-block-embed-youtube wp-embed-aspect-4-3 wp-has-aspect-ratio"><div class="wp-block-embed__wrapper">
<iframe loading="lazy" title="Duelo Criollo" width="950" height="713" src="https://www.youtube.com/embed/VwaWCzKam9k?feature=oembed" frameborder="0" allow="accelerometer; autoplay; clipboard-write; encrypted-media; gyroscope; picture-in-picture; web-share" allowfullscreen></iframe>
</div></figure>
</div>
</div>
</div>



<div class="wp-block-group alignfull is-layout-flow wp-block-group-is-layout-flow">
<div class="wp-block-columns is-layout-flex wp-container-core-columns-is-layout-2 wp-block-columns-is-layout-flex">
<div class="wp-block-column is-vertically-aligned-center is-layout-flow wp-block-column-is-layout-flow">
<div style="height:41px" aria-hidden="true" class="wp-block-spacer"></div>



<figure class="wp-block-image aligncenter size-full is-resized"><img loading="lazy" decoding="async" width="783" height="700" src="http://latrampera.com/wp-content/uploads/2023/05/fotoLosLaureles.jpg" alt="" class="wp-image-41" style="width:351px;height:314px" srcset="https://latrampera.com/wp-content/uploads/2023/05/fotoLosLaureles.jpg 783w, https://latrampera.com/wp-content/uploads/2023/05/fotoLosLaureles-300x268.jpg 300w, https://latrampera.com/wp-content/uploads/2023/05/fotoLosLaureles-768x687.jpg 768w" sizes="(max-width: 783px) 100vw, 783px" /></figure>
</div>



<div class="wp-block-column is-vertically-aligned-center is-layout-flow wp-block-column-is-layout-flow">
<h2 class="wp-block-heading">Quienes somos</h2>



<ul>
<li>Adrian Manganelli guitarra</li>



<li>Ariel Merlo Voz</li>



<li>Lautaro Barrionuevo Contrabajo</li>



<li>Matias Celani Bandoneón</li>
</ul>



<div class="wp-block-buttons is-layout-flex wp-block-buttons-is-layout-flex">
<div class="wp-block-button is-style-outline"><a class="wp-block-button__link wp-element-button" href="#">QUIENES SOMOS</a></div>
</div>
</div>
</div>
</div>



<div class="wp-block-group alignfull has-background is-layout-flow wp-block-group-is-layout-flow" style="background-color:#e5e9ec">
<div class="wp-block-columns is-layout-flex wp-container-core-columns-is-layout-3 wp-block-columns-is-layout-flex">
<div class="wp-block-column is-vertically-aligned-center is-layout-flow wp-block-column-is-layout-flow">
<h2 class="wp-block-heading">Milongas</h2>



<p>Siempre junto a los bailarines amantes del dos por cuatro. Ritmo tradicional y bien milonguero.</p>



<div class="wp-block-buttons is-horizontal is-content-justification-left is-layout-flex wp-container-core-buttons-is-layout-3 wp-block-buttons-is-layout-flex">
<div class="wp-block-button is-style-outline"><a class="wp-block-button__link wp-element-button" href="#">MIlongas</a></div>
</div>



<p></p>
</div>



<div class="wp-block-column is-layout-flow wp-block-column-is-layout-flow">
<div style="height:48px" aria-hidden="true" class="wp-block-spacer"></div>



<figure class="wp-block-embed is-type-video is-provider-youtube wp-block-embed-youtube wp-embed-aspect-16-9 wp-has-aspect-ratio"><div class="wp-block-embed__wrapper">
<iframe loading="lazy" title="Bailarin Compadrito - La Trampera Tango" width="950" height="534" src="https://www.youtube.com/embed/iwwoCmtoC4I?feature=oembed" frameborder="0" allow="accelerometer; autoplay; clipboard-write; encrypted-media; gyroscope; picture-in-picture; web-share" allowfullscreen></iframe>
</div></figure>
</div>
</div>
</div>



<div class="wp-block-group alignfull is-layout-flow wp-block-group-is-layout-flow">
<div class="wp-block-columns are-vertically-aligned-center is-layout-flex wp-container-core-columns-is-layout-4 wp-block-columns-is-layout-flex">
<div class="wp-block-column is-vertically-aligned-center is-layout-flow wp-block-column-is-layout-flow">
<div style="height:48px" aria-hidden="true" class="wp-block-spacer"></div>



<figure class="wp-block-embed is-type-video is-provider-youtube wp-block-embed-youtube wp-embed-aspect-16-9 wp-has-aspect-ratio"><div class="wp-block-embed__wrapper">
<iframe loading="lazy" title="La Trampera" width="950" height="534" src="https://www.youtube.com/embed/oDXo2viaogY?feature=oembed" frameborder="0" allow="accelerometer; autoplay; clipboard-write; encrypted-media; gyroscope; picture-in-picture; web-share" allowfullscreen></iframe>
</div></figure>
</div>



<div class="wp-block-column is-vertically-aligned-center is-layout-flow wp-block-column-is-layout-flow">
<h2 class="wp-block-heading">Cultura</h2>



<p>El tango como expresión artística. Presentaciones especiales, exposiciones, exhibiciones y festivales.</p>



<div class="wp-block-buttons is-layout-flex wp-block-buttons-is-layout-flex">
<div class="wp-block-button is-style-outline"><a class="wp-block-button__link wp-element-button" href="#">Eventos Culturales</a></div>
</div>
</div>
</div>
</div>



<div class="wp-block-group alignfull has-black-background-color has-background is-layout-flow wp-block-group-is-layout-flow">
<h2 class="wp-block-heading has-text-align-center has-white-color has-text-color"><strong>Imágenes</strong></h2>



<figure class="wp-block-gallery aligncenter has-nested-images columns-default is-cropped wp-block-gallery-1 is-layout-flex wp-block-gallery-is-layout-flex">
<figure class="wp-block-image size-full"><img loading="lazy" decoding="async" width="450" height="450" src="http://latrampera.com/wp-content/uploads/2023/05/adrian.jpg" alt="" class="wp-image-33" srcset="https://latrampera.com/wp-content/uploads/2023/05/adrian.jpg 450w, https://latrampera.com/wp-content/uploads/2023/05/adrian-300x300.jpg 300w, https://latrampera.com/wp-content/uploads/2023/05/adrian-150x150.jpg 150w" sizes="(max-width: 450px) 100vw, 450px" /></figure>



<figure class="wp-block-image size-full"><img loading="lazy" decoding="async" width="450" height="450" src="http://latrampera.com/wp-content/uploads/2023/05/ariel.jpg" alt="" class="wp-image-34" srcset="https://latrampera.com/wp-content/uploads/2023/05/ariel.jpg 450w, https://latrampera.com/wp-content/uploads/2023/05/ariel-300x300.jpg 300w, https://latrampera.com/wp-content/uploads/2023/05/ariel-150x150.jpg 150w" sizes="(max-width: 450px) 100vw, 450px" /></figure>



<figure class="wp-block-image size-full"><img loading="lazy" decoding="async" width="450" height="450" src="http://latrampera.com/wp-content/uploads/2023/05/matias.jpg" alt="" class="wp-image-32" srcset="https://latrampera.com/wp-content/uploads/2023/05/matias.jpg 450w, https://latrampera.com/wp-content/uploads/2023/05/matias-300x300.jpg 300w, https://latrampera.com/wp-content/uploads/2023/05/matias-150x150.jpg 150w" sizes="(max-width: 450px) 100vw, 450px" /></figure>



<figure class="wp-block-image size-large"><img loading="lazy" decoding="async" width="750" height="504" src="http://latrampera.com/wp-content/uploads/2023/05/latramperacuadrobn.jpg" alt="" class="wp-image-24" srcset="https://latrampera.com/wp-content/uploads/2023/05/latramperacuadrobn.jpg 750w, https://latrampera.com/wp-content/uploads/2023/05/latramperacuadrobn-300x202.jpg 300w" sizes="(max-width: 750px) 100vw, 750px" /></figure>



<figure class="wp-block-image size-large"><img loading="lazy" decoding="async" width="1024" height="641" src="http://latrampera.com/wp-content/uploads/2023/05/latramperacuadro-1024x641.jpg" alt="" class="wp-image-23" srcset="https://latrampera.com/wp-content/uploads/2023/05/latramperacuadro-1024x641.jpg 1024w, https://latrampera.com/wp-content/uploads/2023/05/latramperacuadro-300x188.jpg 300w, https://latrampera.com/wp-content/uploads/2023/05/latramperacuadro-768x481.jpg 768w, https://latrampera.com/wp-content/uploads/2023/05/latramperacuadro.jpg 1200w" sizes="(max-width: 1024px) 100vw, 1024px" /></figure>
</figure>
</div>



<div class="wp-block-cover alignfull has-parallax is-position-center-center" style="min-height:495px;aspect-ratio:unset;"><span aria-hidden="true" class="wp-block-cover__background has-black-background-color has-background-dim-60 has-background-dim"></span><div class="wp-block-cover__image-background wp-image-24 has-parallax" style="background-position:50% 50%;background-image:url(http://latrampera.com/wp-content/uploads/2023/05/latramperacuadrobn.jpg)"></div><div class="wp-block-cover__inner-container is-layout-flow wp-block-cover-is-layout-flow">
<p class="has-text-align-center has-text-color has-huge-font-size" style="color:#fffffa;line-height:1.1"><strong>Contactanos</strong></p>



<div class="wp-block-group has-global-padding is-layout-constrained wp-block-group-is-layout-constrained"></div>



<div class="wp-block-buttons is-horizontal is-content-justification-center is-layout-flex wp-container-core-buttons-is-layout-5 wp-block-buttons-is-layout-flex">
<div class="wp-block-button is-style-outline"><a class="wp-block-button__link has-white-color has-text-color wp-element-button" href="https://www.instagram.com/la.trampera.tango/">Contacto</a></div>
</div>
</div></div>

<p>La Trampera es un cuarteto de tango formado en el año 2013, con instrumentación acústica, de repertorio tradicional, aunque no siempre clásico. Sus integrantes han recorrido varios senderos de la música, hasta desembocar en las raíces mismas de la cultura de Buenos Aires. Nuestra música Escucha nuestro disco en Quienes somos Milongas Siempre junto a &hellip; </p>
<p class="link-more"><a href="https://latrampera.com/" class="more-link">Read more<span class="screen-reader-text"> &#8220;La Trampera Tango&#8221;</span></a></p>
